ist the prime factors of (-6)/(-14) + p/42.
2, 5
Suppose 5*z = -6*c + c + 3790, c = 4*z - 3042. What are the prime factors of z?
2, 5, 19
Let o(c) = 78*c + 528. What are the prime factors of o(23)?
2, 3, 43
Suppose 55*z - 51*z + 1336 = 0. Let y = z + 521. List the prime factors of y.
11, 17
Let x = -1839 - -1907. What are the prime factors of x?
2, 17
Let x(l) = -2*l**2 + 3*l + 8. Let k be x(-6). Let h = k - -209. Suppose -4*u + h = -21. What are the prime factors of u?
37
List the prime factors of (-4 + 2)*32*-8.
2
Let v = 6 - 68. Let d = v + 106. What are the prime factors of d?
2, 11
Let g be (315/(-35))/(-3*(-1)/(-2)). Let l(j) = j**2 + 3*j - 15. List the prime factors of l(g).
3, 13
Let n = 1141 - 755. Suppose 0 = q + 5, -3*u + 5*q - 139 = -n. What are the prime factors of u?
2, 37
Let t be ((-1)/(7/(-30)))/(2/14). List the prime factors of 12/t + 54/15.
2
Suppose -4*f = c - 695, 9*f - 7*f + 2 = 0. What are the prime factors of c?
3, 233
Let a be ((-68)/((-6)/3))/2. Let i(p) = 1 - 17*p**2 + a*p**2 + 14*p**3 - p. What are the prime factors of i(1)?
2, 7
Let v = 3 - -2. Suppose v*g = 4*g + 91. List the prime factors of g.
7, 13
Suppose -1398*s = -1397*s - 1503. List the prime factors of s.
3, 167
Let s(u) = 51*u**3 - u**2. Let t be s(2). Suppose d = 3*o - o - 206, 0 = 4*o - 4*d - t. What are the prime factors of o?
3, 5, 7
Suppose 0 = 7*v - 2*v. Suppose r - 6*r + 110 = v. Suppose l - r = -0*l. What are the prime factors of l?
2, 11
Let t = 642 - -2870. List the prime factors of t.
2, 439
Let h(p) = -38*p**2 + 1. Let c(u) = 39*u**2 - 1. Let i(k) = 3*c(k) + 2*h(k). Suppose -4 = y - q, 3*q + 2*q = 4*y + 21. What are the prime factors of i(y)?
2, 5
Suppose 6*u - 4*f = 4*u + 14, -4*f = -u + 9. Suppose -u + 3 = -t. Suppose 0 = -t*o - 2*r + 44, -r = -0*r - 4. What are the prime factors of o?
2, 3
Suppose 0 = 9*d - 7*d - 2*y - 502, 0 = 5*d + y - 1237. List the prime factors of d/(-6)*11/(154/(-105)).
2, 5, 31
Let b(i) = 14*i**2 + 4*i + 4. Let x be (-2)/(-4)*(13 + -9). Suppose 3*f + x = 4*y, 0*f - 1 = 2*f - 3*y. List the prime factors of b(f).
2, 13
Let t(y) = -2*y**2 - 11*y + 6. Let n be t(-6). Suppose n = -4*b - 0*b + 168. List the prime factors of b.
2, 3, 7
Let h = -2692 - -3932. List the prime factors of h.
2, 5, 31
Let x(n) = 23*n**2 - 5*n + 9. Let i(c) = -c**3 + 15*c**2 - 11*c - 40. Let g be i(14). What are the prime factors of x(g)?
7, 13
Suppose 6*g - 3*g + 2*t - 10 = 0, 4*t - 10 = -g. Suppose 3*n - g*z = 77, -2*n + z + 3*z + 38 = 0. List the prime factors of n.
29
Suppose 258 = 19*n - 7095. What are the prime factors of n?
3, 43
Let d(p) = -p**2 - 8*p - 1. Let w = 3 - -13. Suppose -z - 5*x = w, 0 = -5*z - 3*x + x - 34. List the prime factors of d(z).
11
Suppose -i - 2*i = -18. List the prime factors of i*1/2 + 97.
2, 5
Suppose 0 = -27*g + 25*g - 8, -4*q + 4*g + 1152 = 0. List the prime factors of q.
2, 71
Let g = 157 + -85. Let l = g + -39. What are the prime factors of l?
3, 11
Let p(a) = -7*a - 7. Let y be p(-2). Suppose 0 - y = -j. List the prime factors of j.
7
Let j be -1*4 - (100 + -13). Let c = -46 - j. List the prime factors of c.
3, 5
Let c(p) = 8*p - 3. Suppose 0 = b + 4*b. Let u be b/(-4) - 3 - -7. List the prime factors of c(u).
29
Let g = -275 - -520. List the prime factors of (-10)/g*-7 - 528/(-14).
2, 19
Let y(w) be the third derivative of -w**6/120 + w**5/12 - w**4/24 - 2*w**3/3 + 6*w**2. Let u = 6 + -3. What are the prime factors of y(u)?
11
Let v(w) = 2*w**2 + 16*w + 36. Let j be v(-11). Suppose 0 = -23*c + 20*c + j. What are the prime factors of c?
2, 17
What are the prime factors of (-1222806)/(-1342) + (-4)/22?
911
Let a(z) = 5*z + 5. Let g be 0*(-4)/(-8)*-1. Suppose g = 4*d - 17 + 1. What are the prime factors of a(d)?
5
Let w = -90 - -171. List the prime factors of w.
3
Suppose -7*x - 60 = -2*x. Let k be ((-32)/x*3)/(-1). What are the prime factors of 3/(-12) + (-82)/k?
2, 5
Suppose 868*j = 866*j + 1652. What are the prime factors of j?
2, 7, 59
Let h(o) = -o + 13. Let r be h(8). Suppose -p - r*p + 108 = 0. List the prime factors of p.
2, 3
Let y(h) = 711*h**2 + 8*h + 6. List the prime factors of y(-2).
2, 13, 109
Let m(v) = -3*v + 129. What are the prime factors of m(-48)?
3, 7, 13
Let s = 94 - 91. List the prime factors of 5144/24 + (-1)/s.
2, 107
Suppose 0 = -3*z + 3 + 6. Let r be (20 - 1 - 3)*z. Suppose 4*h + r = 8*h. List the prime factors of h.
2, 3
Let o(x) = 2*x**2 - 9*x + 13. Let u be o(2). List the prime factors of (211/u)/(10/30).
211
Suppose 2*p = 8, 5*k + 9 = p - 30. Let y(m) be the third derivative of m**5/60 + m**4/8 + 13*m**3/6 - 17*m**2. What are the prime factors of y(k)?
41
Let r(o) = o**2 - 7*o - 1. Let f be r(8). Let l be 8/(-28) - 110/f. List the prime factors of (247/52)/((-2)/l).
2, 19
Let r = 10 + 4. Let l(x) = -47*x**3 - 9 + 46*x**3 - 12*x - r*x**2 + 4*x**2. List the prime factors of l(-9).
2, 3
Let p(o) = o**3 + 5*o**2 - 4*o + 4. Let q be p(-5). What are the prime factors of q/60 - 1254/(-15)?
2, 3, 7
Let h(v) = -3*v + 6. Let q be h(2). List the prime factors of (q - (-17)/(-4))/((-1)/24).
2, 3, 17
Let k be 5/10 - (-285)/6. What are the prime factors of k/(-5)*(-40)/12?
2
Let r = -350 + 577. Let f = 323 - r. What are the prime factors of f?
2, 3
Let m(j) = -11 + 3 + 2*j**3 - 3*j + 18*j - 3*j**3 - 9*j**2. List the prime factors of m(-11).
3, 23
Let r(n) = -3 - 4 + 5 + 41*n**2 + 2*n + n**2. Suppose 0 = f - 1 - 0. List the prime factors of r(f).
2, 3, 7
Suppose x = -2*l + 2, -3*l - 2*x = x + 3. Let s be (-13)/(26/(-48)) + l. Let v = -10 + s. List the prime factors of v.
17
Suppose i - 7*i = -1458. Let b = -153 + i. List the prime factors of b.
2, 3, 5
Let c(m) = 7*m**2 - 11*m - 199. What are the prime factors of c(-11)?
769
Let m(k) = -3*k**2 - 1 + k**3 + k**3 + 9*k + 7*k - 5*k**2. What are the prime factors of m(6)?
239
Suppose 5*a = 3*n + 3753, 4*a - 3010 = -3*n + 14. List the prime factors of a.
3, 251
Suppose 0 = 5*d + 4*v - 668 - 2480, -4*d + 5*v + 2502 = 0. What are the prime factors of d?
2, 157
List the prime factors of 3/(-4)*(-245384)/111.
2, 829
Let k = -1159 - -1959. List the prime factors of k.
2, 5
Let w(i) = 23 - 3*i + i - 8 + i. Let j be w(10). Suppose 0 = -2*f + k + 47, -2*k = j*f + 6 - 146. What are the prime factors of f?
2, 13
Suppose 0 = -6*b + 3*b + 15. Suppose -6 = -p + b. What are the prime factors of p?
11
Let q(i) = 51*i**2 + 3*i - 2. Let o(a) = 2*a + 9. Let b be o(-4). What are the prime factors of q(b)?
2, 13
Suppose -4*q + 7140 = -6*w + 2*w, -5*w = -25. List the prime factors of q.
2, 5, 179
Suppose -s = c - 1, 4*s + 3*c + 1 - 4 = 0. Suppose 0*f = -5*f - x + 6, 2*f + x = s. Suppose -f*v = -3*v + 11. List the prime factors of v.
11
Let o(s) = -4*s**3 - 2*s + 4. Let k(q) = q**3 + q**2. Let a(n) = -6*k(n) - 2*o(n). What are the prime factors of a(5)?
2, 7
Let q(b) = 11*b**2. Let t be q(1). Suppose 0 = -t*j + 9*j. Suppose -d + 20 = -j*d. What are the prime factors of d?
2, 5
Let d(b) = -b**3 + 6*b**2 + 3*b - 10. Suppose 3*q + 3*h - 6 = 0, 4*q - q + 5*h = 0. List the prime factors of d(q).
2, 3, 5
Suppose 6*t - 11*t + 25 = 0. Suppose -5*v - 4*r + 444 = 0, -4*r - 260 = -8*v + t*v. List the prime factors of v.
2, 11
Let i = -6424 + 9688. List the prime factors of ((-1)/2)/((-16)/i).
2, 3, 17
Suppose 8*t - 18*t = -10. Let v(y) = -y - 4*y + 13*y**2 + 1 + 3*y. List the prime factors of v(t).
2, 3
Suppose 3*s - 11 = 2*v, v + 9 = 4*s - 9. Suppose 2*q - s*q = -6. Suppose q*a + f - 11 = 30, -3 = -f. List the prime factors of a.
19
Let b = -720 - -1037. Suppose -4*z - 1 = -b. Let a = z - 51. What are the prime factors of a?
2, 7
Let h(i) = i**2 + 14*i + 49. Let k = 47 + -69. List the prime factors of h(k).
3, 5
Let u = -784 + 886. What are the prime factors of u?
2, 3, 17
Suppose 2*p + 4*k + 9 = -1, 5*p - 17 = 4*k. Suppose -i - 2*i + 146 = 4*f, f = -p. List the prime factors of i.
2, 5
Suppose -o = -3*z - 0*o + 397, 4*z - 2*o = 530. Suppose 5*n - 225 = -5*w, 3*w + 2*n + 0*n = z. What are the prime factors of (-2)/(-6) - (-3052)/w?
73
Let u(f) = -f + 7. Let k be u(7). Suppose 2*b + b + 2*h - 19 = k, -5*h = -2*b. Suppose -i + 115 = b*r, -2*r - 2*r + 92 = -3*i. What are the prime factors of r?
23
Let f = -21 + 601. What are the prime factors of f?
2, 5, 29
Let w = 9 - 5. Suppos